{"id":963,"date":"2022-02-20T09:11:52","date_gmt":"2022-02-20T09:11:52","guid":{"rendered":"https:\/\/startersites.io\/stagingthree\/?page_id=734"},"modified":"2025-11-26T20:06:48","modified_gmt":"2025-11-26T19:06:48","slug":"home","status":"publish","type":"page","link":"https:\/\/www.revysmedjan.se\/","title":{"rendered":"Hem"},"content":{"rendered":"\n<div class=\"wp-block-stackable-columns alignfull stk-block-columns stk-block stk-ea915db stk-block-background stk--has-background-overlay\" data-block-id=\"ea915db\"><style>.stk-ea915db {background-image:url(http:\/\/www.revysmedjan.se\/wp-content\/uploads\/2025\/10\/Arkiv_2024_20.jpeg) !important;background-attachment:fixed !important;padding-top:280px !important;padding-bottom:280px !important;margin-bottom:0px !important;}@media screen and (max-width:999px){.stk-ea915db {padding-top:200px !important;padding-bottom:250px !important;}}@media screen and (max-width:689px){.stk-ea915db {min-height:0px !important;padding-top:150px !important;padding-bottom:200px !important;}}<\/style><div class=\"stk-row stk-inner-blocks has-text-align-left stk-block-content stk-content-align stk-ea915db-column alignfull\">\n<div class=\"wp-block-stackable-column stk-block-column stk-column stk-block stk-13ce343\" data-v=\"4\" data-block-id=\"13ce343\"><div class=\"stk-column-wrapper stk-block-column__content stk-container stk-13ce343-container stk--no-background stk--no-padding\"><div class=\"stk-block-content stk-inner-blocks stk-13ce343-inner-blocks\">\n<div class=\"wp-block-stackable-heading stk-block-heading stk-block-heading--v2 stk-block stk-273f963\" id=\"tack-publiken-br-vi-ses-igen-2026\" data-block-id=\"273f963\"><style>.stk-273f963 {margin-bottom:16px !important;}.stk-273f963 .stk-block-heading__text{font-size:90px !important;color:var(--theme-palette-color-8, #ffffff) !important;line-height:1.5em !important;}@media screen and (max-width:999px){.stk-273f963 .stk-block-heading__text{font-size:50px !important;}}@media screen and (max-width:689px){.stk-273f963 .stk-block-heading__text{font-size:37px !important;}}<\/style><h2 class=\"stk-block-heading__text has-text-color has-palette-color-8-color has-text-align-left\">Tack publiken! <br>Vi ses igen 2026.<\/h2><\/div>\n\n\n\n<div class=\"wp-block-stackable-text stk-block-text stk-block stk-bd90787\" data-block-id=\"bd90787\"><style>.stk-bd90787 {max-width:1000px !important;min-width:auto !important;margin-right:auto !important;margin-bottom:60px !important;margin-left:auto !important;}.stk-bd90787 .stk-block-text__text{font-size:31px !important;color:var(--theme-palette-color-8, #ffffff) !important;}@media screen and (max-width:999px){.stk-bd90787 .stk-block-text__text{font-size:31px !important;}}<\/style><p class=\"stk-block-text__text has-text-color has-palette-color-8-color has-text-align-left\"><\/p><\/div>\n<\/div><\/div><\/div>\n<\/div><\/div>\n\n\n\n<div class=\"wp-block-stackable-spacer stk-block-spacer stk--no-padding stk-block stk-0285952\" data-block-id=\"0285952\"><style>.stk-0285952 {height:70px !important;}@media screen and (max-width:999px){.stk-0285952 {height:50px !important;}}<\/style><\/div>\n\n\n\n<div class=\"wp-block-columns is-layout-flex wp-container-core-columns-is-layout-28f84493 wp-block-columns-is-layout-flex\">\n<div class=\"wp-block-column is-layout-flow wp-block-column-is-layout-flow\" style=\"flex-basis:100%\"><\/div>\n<\/div>\n\n\n\n<div class=\"wp-block-stackable-columns aligncenter stk-block-columns stk-block stk-17d3694\" data-block-id=\"17d3694\"><style>.stk-17d3694 {margin-bottom:0px !important;}.stk-17d3694-column{--stk-column-gap:35px !important;row-gap:35px !important;}<\/style><div class=\"stk-row stk-inner-blocks stk-block-content stk-content-align stk-17d3694-column\">\n<div class=\"wp-block-stackable-column stk-block-column stk-column stk-block stk-eafdddd\" data-v=\"4\" data-block-id=\"eafdddd\"><div class=\"stk-column-wrapper stk-block-column__content stk-container stk-eafdddd-container stk--no-background stk--no-padding\"><div class=\"stk-block-content stk-inner-blocks stk-eafdddd-inner-blocks\">\n<div class=\"wp-block-stackable-posts stk-block-posts stk-block stk-bdbc330 stk-block-background is-style-default stk--has-background-overlay\" data-v=\"2\" data-block-id=\"bdbc330\"><style>.stk-bdbc330 {--stk-columns:3 !important;background-color:linear-gradient(120deg, #fdfbfb 0%, #ebedee 100%) !important;}.stk-bdbc330:before{background-image:linear-gradient(120deg, #fdfbfb 0%, #ebedee 100%) !important;}.stk-bdbc330 .stk-img-wrapper{aspect-ratio:3\/2 !important;width:100% !important;height:auto !important;}.stk-bdbc330 .stk-img-wrapper img{object-position:55.00000000000001% 86% !important;}@media screen and (max-width:999px){.stk-bdbc330 .stk-img-wrapper{height:auto !important;}}@media screen and (max-width:689px){.stk-bdbc330 {--stk-columns:1 !important;}.stk-bdbc330 .stk-img-wrapper{height:auto !important;}}<\/style><div class=\"stk-inner-blocks stk-content-align stk-bdbc330-column\"><div class=\"stk-block-posts__items\"><div class=\"stk-block-posts__item\"><div class=\"stk-container stk-bdbc330-container stk--no-background stk--no-padding\"><article><a href=\"https:\/\/www.revysmedjan.se\/index.php\/2025\/11\/30\/arets-huskvarnabo-2025\/\" class=\"stk-block-posts__image-link\"><figure class=\"stk-img-wrapper stk-image--shape-stretch\"><img loading=\"lazy\" decoding=\"async\" width=\"2560\" height=\"2137\" src=\"https:\/\/www.revysmedjan.se\/wp-content\/uploads\/2025\/11\/da75bbb35e586a01618bd99ce6948c9b-scaled.jpeg\" class=\"attachment-full size-full wp-post-image\" alt=\"\" srcset=\"https:\/\/www.revysmedjan.se\/wp-content\/uploads\/2025\/11\/da75bbb35e586a01618bd99ce6948c9b-scaled.jpeg 2560w, https:\/\/www.revysmedjan.se\/wp-content\/uploads\/2025\/11\/da75bbb35e586a01618bd99ce6948c9b-300x250.jpeg 300w, https:\/\/www.revysmedjan.se\/wp-content\/uploads\/2025\/11\/da75bbb35e586a01618bd99ce6948c9b-1024x855.jpeg 1024w, https:\/\/www.revysmedjan.se\/wp-content\/uploads\/2025\/11\/da75bbb35e586a01618bd99ce6948c9b-768x641.jpeg 768w, https:\/\/www.revysmedjan.se\/wp-content\/uploads\/2025\/11\/da75bbb35e586a01618bd99ce6948c9b-1536x1282.jpeg 1536w, https:\/\/www.revysmedjan.se\/wp-content\/uploads\/2025\/11\/da75bbb35e586a01618bd99ce6948c9b-2048x1710.jpeg 2048w\" sizes=\"auto, (max-width: 2560px) 100vw, 2560px\" \/><\/figure><\/a><h3 class=\"stk-block-posts__title\"><a href='https:\/\/www.revysmedjan.se\/index.php\/2025\/11\/30\/arets-huskvarnabo-2025\/'>\u00c5rets Huskvarnabo 2025<\/a><\/h3><aside class=\"stk-block-posts__meta stk-subtitle\"><time datetime=\"2025-11-30T21:37:26+01:00\">30 november, 2025<\/time><\/aside><div class=\"stk-block-posts__excerpt\"><p>Vi \u00e4r s\u00e5 glada, stolta och tacksamma att blivit utsedda till \u00c5rets Huskvarnabo 2025 &#x1f4ab; Ikv\u00e4ll fick vi tillsammans ta&hellip;<\/p>\n<\/div><a class=\"stk-block-posts__readmore\" href=\"https:\/\/www.revysmedjan.se\/index.php\/2025\/11\/30\/arets-huskvarnabo-2025\/\">L\u00e4s mer<\/a><\/article><\/div><\/div><div class=\"stk-block-posts__item\"><div class=\"stk-container stk-bdbc330-container stk--no-background stk--no-padding\"><article><a href=\"https:\/\/www.revysmedjan.se\/index.php\/2025\/11\/25\/styrelsemote-25-11\/\" class=\"stk-block-posts__image-link\"><figure class=\"stk-img-wrapper stk-image--shape-stretch\"><img loading=\"lazy\" decoding=\"async\" width=\"1536\" height=\"2048\" src=\"https:\/\/www.revysmedjan.se\/wp-content\/uploads\/2025\/11\/att.zzPmVG3GQjcM3FXB6ReaENFcoxPQalp0dFC0W5a1k3s.jpg\" class=\"attachment-full size-full wp-post-image\" alt=\"\" srcset=\"https:\/\/www.revysmedjan.se\/wp-content\/uploads\/2025\/11\/att.zzPmVG3GQjcM3FXB6ReaENFcoxPQalp0dFC0W5a1k3s.jpg 1536w, https:\/\/www.revysmedjan.se\/wp-content\/uploads\/2025\/11\/att.zzPmVG3GQjcM3FXB6ReaENFcoxPQalp0dFC0W5a1k3s-225x300.jpg 225w, https:\/\/www.revysmedjan.se\/wp-content\/uploads\/2025\/11\/att.zzPmVG3GQjcM3FXB6ReaENFcoxPQalp0dFC0W5a1k3s-768x1024.jpg 768w, https:\/\/www.revysmedjan.se\/wp-content\/uploads\/2025\/11\/att.zzPmVG3GQjcM3FXB6ReaENFcoxPQalp0dFC0W5a1k3s-1152x1536.jpg 1152w\" sizes=\"auto, (max-width: 1536px) 100vw, 1536px\" \/><\/figure><\/a><h3 class=\"stk-block-posts__title\"><a href='https:\/\/www.revysmedjan.se\/index.php\/2025\/11\/25\/styrelsemote-25-11\/'>Styrelsem\u00f6te 25\/11<\/a><\/h3><aside class=\"stk-block-posts__meta stk-subtitle\"><time datetime=\"2025-11-25T22:00:00+01:00\">25 november, 2025<\/time><\/aside><div class=\"stk-block-posts__excerpt\"><p>Ikv\u00e4ll samlades styrelsen f\u00f6r planering inf\u00f6r 2026 \u00e5rs revy och annat roligt som \u00e4r p\u00e5 g\u00e5ng!<\/p>\n<\/div><a class=\"stk-block-posts__readmore\" href=\"https:\/\/www.revysmedjan.se\/index.php\/2025\/11\/25\/styrelsemote-25-11\/\">L\u00e4s mer<\/a><\/article><\/div><\/div><div class=\"stk-block-posts__item\"><div class=\"stk-container stk-bdbc330-container stk--no-background stk--no-padding\"><article><a href=\"https:\/\/www.revysmedjan.se\/index.php\/2025\/08\/09\/uppdatering-revy-sm\/\" class=\"stk-block-posts__image-link\"><figure class=\"stk-img-wrapper stk-image--shape-stretch\"><img loading=\"lazy\" decoding=\"async\" width=\"2048\" height=\"1365\" src=\"https:\/\/www.revysmedjan.se\/wp-content\/uploads\/2025\/10\/529951273_1093263282781756_6759191857981992228_n.jpg\" class=\"attachment-full size-full wp-post-image\" alt=\"\" srcset=\"https:\/\/www.revysmedjan.se\/wp-content\/uploads\/2025\/10\/529951273_1093263282781756_6759191857981992228_n.jpg 2048w, https:\/\/www.revysmedjan.se\/wp-content\/uploads\/2025\/10\/529951273_1093263282781756_6759191857981992228_n-300x200.jpg 300w, https:\/\/www.revysmedjan.se\/wp-content\/uploads\/2025\/10\/529951273_1093263282781756_6759191857981992228_n-1024x683.jpg 1024w, https:\/\/www.revysmedjan.se\/wp-content\/uploads\/2025\/10\/529951273_1093263282781756_6759191857981992228_n-768x512.jpg 768w, https:\/\/www.revysmedjan.se\/wp-content\/uploads\/2025\/10\/529951273_1093263282781756_6759191857981992228_n-1536x1024.jpg 1536w\" sizes=\"auto, (max-width: 2048px) 100vw, 2048px\" \/><\/figure><\/a><h3 class=\"stk-block-posts__title\"><a href='https:\/\/www.revysmedjan.se\/index.php\/2025\/08\/09\/uppdatering-revy-sm\/'>Uppdatering Revy-SM<\/a><\/h3><aside class=\"stk-block-posts__meta stk-subtitle\"><time datetime=\"2025-08-09T21:19:23+02:00\">9 augusti, 2025<\/time><\/aside><div class=\"stk-block-posts__excerpt\"><p>UPPDATERING! Tyv\u00e4rr lyckades vi inte knipa f\u00f6rstaplatsen men vi har haft SKOJ och gjort v\u00e5rt absolut b\u00e4sta. M\u00e5nga fina kommentarer&hellip;<\/p>\n<\/div><a class=\"stk-block-posts__readmore\" href=\"https:\/\/www.revysmedjan.se\/index.php\/2025\/08\/09\/uppdatering-revy-sm\/\">L\u00e4s mer<\/a><\/article><\/div><\/div><\/div><div class=\"stk-inner-blocks\"><\/div><\/div><\/div>\n<\/div><\/div><\/div>\n<\/div><\/div>\n\n\n\n<div class=\"wp-block-stackable-spacer stk-block-spacer stk--no-padding stk-block stk-eaba88a\" data-block-id=\"eaba88a\"><style>.stk-eaba88a {height:130px !important;}@media screen and (max-width:999px){.stk-eaba88a {height:80px !important;}}<\/style><\/div>\n\n\n\n<div class=\"wp-block-stackable-columns alignfull stk-block-columns stk-block stk-47f3fe7 stk-block-background stk--has-background-overlay\" data-block-id=\"47f3fe7\"><style>.stk-47f3fe7 {background-color:#000000 !important;background-image:url(http:\/\/www.revysmedjan.se\/wp-content\/uploads\/2024\/05\/slider_2.jpg) !important;background-attachment:fixed !important;padding-top:130px !important;padding-right:0px !important;padding-bottom:130px !important;padding-left:0px !important;margin-bottom:0px !important;}.stk-47f3fe7:before{background-color:#000000 !important;opacity:0.7 !important;}.stk-47f3fe7-column{--stk-column-gap:30px !important;row-gap:30px !important;}@media screen and (max-width:999px){.stk-47f3fe7 {padding-top:80px !important;padding-bottom:80px !important;}}@media screen and (max-width:689px){.stk-47f3fe7 {padding-top:70px !important;padding-bottom:70px !important;}}<\/style><div class=\"stk-row stk-inner-blocks has-text-align-center stk-block-content stk-content-align stk-47f3fe7-column\">\n<div class=\"wp-block-stackable-column stk-block-column stk-column stk-block stk-18d875a\" data-v=\"4\" data-block-id=\"18d875a\"><style>.stk-18d875a-container{margin-top:0px !important;margin-right:0px !important;margin-bottom:0px !important;margin-left:0px !important;}<\/style><div class=\"stk-column-wrapper stk-block-column__content stk-container stk-18d875a-container stk--no-background stk--no-padding\"><div class=\"stk-block-content stk-inner-blocks stk-18d875a-inner-blocks\">\n<div class=\"wp-block-stackable-columns stk-block-columns stk-block stk-80e42ed\" data-block-id=\"80e42ed\"><style>.stk-80e42ed-column{--stk-column-gap:35px !important;row-gap:50px !important;}<\/style><div class=\"stk-row stk-inner-blocks stk-block-content stk-content-align stk-80e42ed-column\">\n<div class=\"wp-block-stackable-column stk-block-column stk-column stk-block stk-6009f78\" data-v=\"4\" data-block-id=\"6009f78\"><style>.stk-6009f78-container{margin-top:0px !important;margin-right:0px !important;margin-bottom:0px !important;margin-left:0px !important;}@media screen and (min-width:690px) and (max-width:999px){.stk-6009f78 {flex:var(--stk-flex-grow, 1) 1 calc(50% - var(--stk-column-gap, 0px) * 1 \/ 2 ) !important;}}<\/style><div class=\"stk-column-wrapper stk-block-column__content stk-container stk-6009f78-container stk--no-background stk--no-padding\"><div class=\"stk-block-content stk-inner-blocks stk-6009f78-inner-blocks\">\n<div class=\"wp-block-stackable-count-up stk-block-count-up stk-block stk-f96bcc6\" data-block-id=\"f96bcc6\"><style>.stk-f96bcc6 {margin-bottom:16px !important;}.stk-f96bcc6 .stk-block-count-up__text{font-size:70px !important;color:var(--theme-palette-color-1, #ffcd05) !important;line-height:1em !important;font-family:\"Yeseva One\", Sans-serif !important;}@media screen and (max-width:999px){.stk-f96bcc6 .stk-block-count-up__text{font-size:50px !important;}}<\/style><div class=\"stk-block-count-up__text has-text-color has-palette-color-1-color\">20<\/div><\/div>\n\n\n\n<div class=\"wp-block-stackable-heading stk-block-heading stk-block-heading--v2 stk-block stk-b59d756\" id=\"forestallningar\" data-block-id=\"b59d756\"><style>.stk-b59d756 .stk-block-heading__text{color:var(--theme-palette-color-8, #ffffff) !important;}@media screen and (max-width:999px){.stk-b59d756 .stk-block-heading__text{font-size:20px !important;}}<\/style><h4 class=\"stk-block-heading__text has-text-color has-palette-color-8-color\">F\u00f6rest\u00e4llningar<\/h4><\/div>\n<\/div><\/div><\/div>\n\n\n\n<div class=\"wp-block-stackable-column stk-block-column stk-column stk-block stk-d1cf4ca\" data-v=\"4\" data-block-id=\"d1cf4ca\"><style>.stk-d1cf4ca-container{margin-top:0px !important;margin-right:0px !important;margin-bottom:0px !important;margin-left:0px !important;}@media screen and (min-width:690px) and (max-width:999px){.stk-d1cf4ca {flex:var(--stk-flex-grow, 1) 1 calc(50% - var(--stk-column-gap, 0px) * 1 \/ 2 ) !important;}}<\/style><div class=\"stk-column-wrapper stk-block-column__content stk-container stk-d1cf4ca-container stk--no-background stk--no-padding\"><div class=\"stk-block-content stk-inner-blocks stk-d1cf4ca-inner-blocks\">\n<div class=\"wp-block-stackable-count-up stk-block-count-up stk-block stk-bd7f265\" data-block-id=\"bd7f265\"><style>.stk-bd7f265 {margin-bottom:16px !important;}.stk-bd7f265 .stk-block-count-up__text{font-size:70px !important;color:var(--theme-palette-color-1, #ffcd05) !important;line-height:1em !important;font-family:\"Yeseva One\", Sans-serif !important;}@media screen and (max-width:999px){.stk-bd7f265 .stk-block-count-up__text{font-size:50px !important;}}<\/style><div class=\"stk-block-count-up__text has-text-color has-palette-color-1-color\">4251<\/div><\/div>\n\n\n\n<div class=\"wp-block-stackable-heading stk-block-heading stk-block-heading--v2 stk-block stk-3038fbb\" id=\"biljetter-salda\" data-block-id=\"3038fbb\"><style>.stk-3038fbb .stk-block-heading__text{color:var(--theme-palette-color-8, #ffffff) !important;}@media screen and (max-width:999px){.stk-3038fbb .stk-block-heading__text{font-size:20px !important;}}<\/style><h4 class=\"stk-block-heading__text has-text-color has-palette-color-8-color\">Biljetter s\u00e5lda<\/h4><\/div>\n<\/div><\/div><\/div>\n\n\n\n<div class=\"wp-block-stackable-column stk-block-column stk-column stk-block stk-87e57c9\" data-v=\"4\" data-block-id=\"87e57c9\"><style>.stk-87e57c9-container{margin-top:0px !important;margin-right:0px !important;margin-bottom:0px !important;margin-left:0px !important;}@media screen and (min-width:690px) and (max-width:999px){.stk-87e57c9 {flex:var(--stk-flex-grow, 1) 1 calc(50% - var(--stk-column-gap, 0px) * 1 \/ 2 ) !important;}}<\/style><div class=\"stk-column-wrapper stk-block-column__content stk-container stk-87e57c9-container stk--no-background stk--no-padding\"><div class=\"stk-block-content stk-inner-blocks stk-87e57c9-inner-blocks\">\n<div class=\"wp-block-stackable-count-up stk-block-count-up stk-block stk-26f28de\" data-block-id=\"26f28de\"><style>.stk-26f28de {margin-bottom:16px !important;}.stk-26f28de .stk-block-count-up__text{font-size:70px !important;color:var(--theme-palette-color-1, #ffcd05) !important;line-height:1em !important;font-family:\"Yeseva One\", Sans-serif !important;}@media screen and (max-width:999px){.stk-26f28de .stk-block-count-up__text{font-size:50px !important;}}<\/style><div class=\"stk-block-count-up__text has-text-color has-palette-color-1-color\">12<\/div><\/div>\n\n\n\n<div class=\"wp-block-stackable-heading stk-block-heading stk-block-heading--v2 stk-block stk-7c6a37a\" id=\"trasiga-strumpbyxor\" data-block-id=\"7c6a37a\"><style>.stk-7c6a37a .stk-block-heading__text{color:var(--theme-palette-color-8, #ffffff) !important;}@media screen and (max-width:999px){.stk-7c6a37a .stk-block-heading__text{font-size:20px !important;}}<\/style><h4 class=\"stk-block-heading__text has-text-color has-palette-color-8-color\">Trasiga strumpbyxor<\/h4><\/div>\n<\/div><\/div><\/div>\n\n\n\n<div class=\"wp-block-stackable-column stk-block-column stk-column stk-block stk-027021a\" data-v=\"4\" data-block-id=\"027021a\"><style>.stk-027021a-container{margin-top:0px !important;margin-right:0px !important;margin-bottom:0px !important;margin-left:0px !important;}@media screen and (min-width:690px) and (max-width:999px){.stk-027021a {flex:var(--stk-flex-grow, 1) 1 calc(50% - var(--stk-column-gap, 0px) * 1 \/ 2 ) !important;}}<\/style><div class=\"stk-column-wrapper stk-block-column__content stk-container stk-027021a-container stk--no-background stk--no-padding\"><div class=\"stk-block-content stk-inner-blocks stk-027021a-inner-blocks\">\n<div class=\"wp-block-stackable-count-up stk-block-count-up stk-block stk-b617962\" data-block-id=\"b617962\"><style>.stk-b617962 {margin-bottom:16px !important;}.stk-b617962 .stk-block-count-up__text{font-size:70px !important;color:var(--theme-palette-color-1, #ffcd05) !important;line-height:1em !important;font-family:\"Yeseva One\", Sans-serif !important;}@media screen and (max-width:999px){.stk-b617962 .stk-block-count-up__text{font-size:50px !important;}}<\/style><div class=\"stk-block-count-up__text has-text-color has-palette-color-1-color\">1<\/div><\/div>\n\n\n\n<div class=\"wp-block-stackable-heading stk-block-heading stk-block-heading--v2 stk-block stk-3a0652d\" id=\"borttappat-puffskydd\" data-block-id=\"3a0652d\"><style>.stk-3a0652d .stk-block-heading__text{color:var(--theme-palette-color-8, #ffffff) !important;}@media screen and (max-width:999px){.stk-3a0652d .stk-block-heading__text{font-size:20px !important;}}<\/style><h4 class=\"stk-block-heading__text has-text-color has-palette-color-8-color\">Borttappat puffskydd<\/h4><\/div>\n<\/div><\/div><\/div>\n<\/div><\/div>\n<\/div><\/div><\/div>\n<\/div><\/div>\n\n\n\n\n\n<p><\/p>\n\n\n","protected":false},"excerpt":{"rendered":"<p>Tack publiken! Vi ses igen 2026. \u00c5rets Huskvarnabo 2025 30 november, 2025 Vi \u00e4r s\u00e5 glada, stolta och tacksamma att blivit utsedda till \u00c5rets Huskvarnabo 2025 &#x1f4ab; Ikv\u00e4ll fick vi tillsammans ta&hellip; L\u00e4s mer Styrelsem\u00f6te 25\/11 25 november, 2025 Ikv\u00e4ll samlades styrelsen f\u00f6r planering inf\u00f6r 2026 \u00e5rs revy och annat roligt som \u00e4r p\u00e5 g\u00e5ng! [&hellip;]<\/p>\n","protected":false},"author":2,"featured_media":0,"parent":0,"menu_order":0,"comment_status":"closed","ping_status":"closed","template":"","meta":{"footnotes":""},"class_list":["post-963","page","type-page","status-publish","hentry"],"blocksy_meta":{"page_title_panel":"","has_hero_section":"disabled","8145824604158272ba7f5416b6449180":"","hero_section":"type-1","hero_elements":[{"id":"custom_title","enabled":true,"heading_tag":"h1","title":"Home"},{"id":"custom_description","enabled":true,"description_visibility":{"desktop":true,"tablet":true,"mobile":false}},{"id":"custom_meta","enabled":false,"meta_elements":[{"id":"author","enabled":true,"label":"By","has_author_avatar":"yes","avatar_size":25},{"id":"post_date","enabled":true,"label":"On","date_format_source":"default","date_format":"M j, Y"},{"id":"updated_date","enabled":false,"label":"On","date_format_source":"default","date_format":"M j, Y"},{"id":"categories","enabled":false,"label":"In","style":"simple"},{"id":"comments","enabled":true}],"page_meta_elements":{"joined":true,"articles_count":true,"comments":true}},{"id":"breadcrumbs","enabled":false}],"fcf7480f8d2e1b222c39f6bcbf6965ab":"","hero_alignment1":"CT_CSS_SKIP_RULE","hero_margin":40,"hero_alignment2":"center","hero_vertical_alignment":"center","b6e74dacd1e4d964546af2051e3c80ca":"","hero_structure":"narrow","09a979f9dfe051c5d8e7185a0bffb527":"","page_title_bg_type":"featured_image","custom_hero_background":{"attachment_id":null},"parallax":{"desktop":false,"tablet":false,"mobile":false},"4e6921427620b3c37a159654d5bd931f":"","hero_height":"250px","pageTitleFont":{"family":"Default","variation":"Default","size":"30px","line-height":"CT_CSS_SKIP_RULE","letter-spacing":"CT_CSS_SKIP_RULE","text-transform":"CT_CSS_SKIP_RULE","text-decoration":"CT_CSS_SKIP_RULE"},"pageTitleFontColor":{"default":{"color":"CT_CSS_SKIP_RULEDEFAULT"}},"pageMetaFont":{"family":"Default","variation":"n6","size":"12px","line-height":"1.3","letter-spacing":"CT_CSS_SKIP_RULE","text-transform":"uppercase","text-decoration":"CT_CSS_SKIP_RULE"},"pageMetaFontColor":{"default":{"color":"CT_CSS_SKIP_RULEDEFAULT"},"hover":{"color":"CT_CSS_SKIP_RULEDEFAULT"}},"page_meta_button_type_font_colors":{"default":{"color":"CT_CSS_SKIP_RULEDEFAULT"},"hover":{"color":"CT_CSS_SKIP_RULEDEFAULT"}},"page_meta_button_type_background_colors":{"default":{"color":"CT_CSS_SKIP_RULEDEFAULT"},"hover":{"color":"CT_CSS_SKIP_RULEDEFAULT"}},"pageExcerptFont":{"family":"Default","variation":"Default","size":"CT_CSS_SKIP_RULE","line-height":"CT_CSS_SKIP_RULE","letter-spacing":"CT_CSS_SKIP_RULE","text-transform":"CT_CSS_SKIP_RULE","text-decoration":"CT_CSS_SKIP_RULE"},"pageExcerptColor":{"default":{"color":"CT_CSS_SKIP_RULEDEFAULT"}},"breadcrumbsFont":{"family":"Default","variation":"Default","size":"CT_CSS_SKIP_RULE","line-height":"CT_CSS_SKIP_RULE","letter-spacing":"CT_CSS_SKIP_RULE","text-transform":"CT_CSS_SKIP_RULE","text-decoration":"CT_CSS_SKIP_RULE"},"breadcrumbsFontColor":{"default":{"color":"CT_CSS_SKIP_RULEDEFAULT"},"initial":{"color":"CT_CSS_SKIP_RULEDEFAULT"},"hover":{"color":"CT_CSS_SKIP_RULEDEFAULT"}},"pageTitleOverlay":{"background_type":"color","background_pattern":"type-1","background_image":{"attachment_id":null,"x":0,"y":0},"gradient":"linear-gradient(135deg,rgba(6,147,227,1) 0%,rgb(155,81,224) 100%)","background_repeat":"repeat","background_size":"auto","background_attachment":"scroll","patternColor":{"default":{"color":"#e5e7ea"}},"overlayColor":{"default":{"color":"CT_CSS_SKIP_RULE"}},"backgroundColor":{"default":{"color":"CT_CSS_SKIP_RULE"}}},"pageTitleBackground":{"background_type":"color","background_pattern":"type-1","background_image":{"attachment_id":null,"x":0,"y":0},"gradient":"linear-gradient(135deg,rgba(6,147,227,1) 0%,rgb(155,81,224) 100%)","background_repeat":"repeat","background_size":"auto","background_attachment":"scroll","patternColor":{"default":{"color":"#e5e7ea"}},"overlayColor":{"default":{"color":"CT_CSS_SKIP_RULE"}},"backgroundColor":{"default":{"color":"var(--theme-palette-color-6)"}}},"pageTitlePadding":{"top":"50px","bottom":"50px","left":"auto","right":"auto","linked":true},"9977e246f013fbc2382654aea8f2248b":"","page_structure_type":"default","6ce8b827e911c2bb79efa291d7d326ea":"","content_style_source":"inherit","content_style":"wide","vertical_spacing_source":"custom","content_area_spacing":"none","background":{"background_type":"color","background_pattern":"type-1","background_image":{"attachment_id":null,"x":0,"y":0},"gradient":"linear-gradient(135deg,rgba(6,147,227,1) 0%,rgb(155,81,224) 100%)","background_repeat":"repeat","background_size":"auto","background_attachment":"scroll","patternColor":{"default":{"color":"#e5e7ea"}},"overlayColor":{"default":{"color":"CT_CSS_SKIP_RULE"}},"backgroundColor":{"default":{"color":"CT_CSS_SKIP_RULE"}}},"content_background":{"background_type":"color","background_pattern":"type-1","background_image":{"attachment_id":null,"x":0,"y":0},"gradient":"linear-gradient(135deg,rgba(6,147,227,1) 0%,rgb(155,81,224) 100%)","background_repeat":"repeat","background_size":"auto","background_attachment":"scroll","patternColor":{"default":{"color":"#e5e7ea"}},"overlayColor":{"default":{"color":"CT_CSS_SKIP_RULE"}},"backgroundColor":{"default":{"color":"var(--theme-palette-color-8)"}}},"content_boxed_shadow":{"inherit":false,"blur":18,"spread":-6,"v_offset":12,"h_offset":0,"inset":false,"enable":true,"color":{"color":"rgba(34, 56, 101, 0.04)"}},"boxed_content_spacing":{"desktop":{"top":"40px","bottom":"40px","left":"40px","right":"40px","linked":true},"tablet":{"top":"35px","bottom":"35px","left":"35px","right":"35px","linked":true},"mobile":{"top":"20px","bottom":"20px","left":"20px","right":"20px","linked":true}},"content_boxed_radius":{"top":"3px","bottom":"3px","left":"3px","right":"3px","linked":true},"99630a8366f1664b49eb5b210d80e35c":"","disable_featured_image":"no","disable_share_box":"no","disable_header":"no","disable_footer":"no","styles_descriptor":{"styles":{"desktop":"","tablet":"","mobile":""},"google_fonts":[],"version":6}},"_links":{"self":[{"href":"https:\/\/www.revysmedjan.se\/index.php\/wp-json\/wp\/v2\/pages\/963","targetHints":{"allow":["GET"]}}],"collection":[{"href":"https:\/\/www.revysmedjan.se\/index.php\/wp-json\/wp\/v2\/pages"}],"about":[{"href":"https:\/\/www.revysmedjan.se\/index.php\/wp-json\/wp\/v2\/types\/page"}],"author":[{"embeddable":true,"href":"https:\/\/www.revysmedjan.se\/index.php\/wp-json\/wp\/v2\/users\/2"}],"replies":[{"embeddable":true,"href":"https:\/\/www.revysmedjan.se\/index.php\/wp-json\/wp\/v2\/comments?post=963"}],"version-history":[{"count":15,"href":"https:\/\/www.revysmedjan.se\/index.php\/wp-json\/wp\/v2\/pages\/963\/revisions"}],"predecessor-version":[{"id":1299,"href":"https:\/\/www.revysmedjan.se\/index.php\/wp-json\/wp\/v2\/pages\/963\/revisions\/1299"}],"wp:attachment":[{"href":"https:\/\/www.revysmedjan.se\/index.php\/wp-json\/wp\/v2\/media?parent=963"}],"curies":[{"name":"wp","href":"https:\/\/api.w.org\/{rel}","templated":true}]}}